19/(-1071) - -6). Let l be ((-51)/1)/((1 + 2)/(-3)). Calculate the highest common factor of l and n.
51
Let h(t) = -620*t + 4540. Let a be h(7). Calculate the greatest common factor of a and 7300.
100
Let l(f) = -6*f + 6*f + 2*f - 20. Let p be l(8). Let g be 82/2 - (p + 0/(-4)). What is the greatest common factor of g and 105?
15
Let z be 1/(-2 - (-5)/2). Suppose -r + 3*m = -15, -r + z = r + m. Let y(c) = -11*c + 1. Let b be y(-1). Calculate the greatest common divisor of r and b.
3
Let m(y) = 65*y - 3304. Let h be m(51). Calculate the highest common divisor of h and 59.
1
Let f = -116 - -127. Suppose 4 = f*t - 183. Calculate the highest common factor of 323 and t.
17
Let k be 4110/(-90)*(-63 + (3 - 0)). Calculate the greatest common factor of 8 and k.
4
Suppose 3*q - 5*y = 130, q - 15*y - 50 = -12*y. Let n be q - 35 - (-7 - 1). Calculate the greatest common divisor of n and 10.
2
Let c(f) = 5*f + 5. Let v be c(-2). Let n(o) = -o**2 - 6*o - 8. Let u be n(v). Let l = 37 - u. Calculate the highest common factor of l and 5.
5
Let a(g) = 6*g - 2. Suppose -2*q + 79 = 71. Let l be a(q). Calculate the highest common divisor of l and 946.
22
Suppose -49*l + 10986 = 3342. What is the highest common divisor of l and 104?
52
Let w(t) = t**3 + 4*t**2 + t - 3. Let p be w(-2). Let x be (-60)/(-8)*-1*(p + -7). Let v be -4*3*(-5)/4. What is the greatest common divisor of x and v?
15
Let d be (6*1)/(7 - 3470/495). Let w = d + 682. What is the highest common divisor of w and 44?
44
Let l(w) = 3*w + 27. Let u be l(-11). Let s be 1 + (-32)/48 + (-1792)/u. What is the highest common divisor of 26 and s?
13
Let c(m) = 13*m**2 - 4*m + 10. Let w be (32/40)/((-8)/(-10) - 1). Let v be -2 + (w - (-27)/3). Let s be c(v). Calculate the highest common factor of s and 46.
23
Let c = -1169 + 1400. Let r(y) = y**2 + 8*y - 27. Let t be r(-12). What is the greatest common divisor of c and t?
21
Let c(i) = -4*i - 8. Let z be c(-17). Let y be (30/(-24))/(2*(-3)/192). Calculate the greatest common factor of z and y.
20
Suppose -4*f = -4*o + 2018 + 2370, -5*o - 3*f + 5429 = 0. What is the highest common divisor of 100 and o?
10
Let m be (-42723)/(-15) + 74/(-370). Calculate the highest common divisor of m and 178.
178
Suppose 346 = 2*a - 84. Suppose -91*t + 89*t = -3*d - 291, 4*d = 5*t - 689. Calculate the greatest common divisor of a and t.
43
Let l be 7/14*12*5/2. Let t be (l/(-10) + 1)/((-2)/56). Calculate the greatest common divisor of t and 6.
2
Suppose 214*l + 12235 - 64485 = -736*l. Suppose -2*c + 3 = -41. Calculate the highest common factor of l and c.
11
Let u = -2881 + 2947. Calculate the greatest common divisor of u and 13882.
22
Let c be 140/4 + 18/(-6). Let a(p) = p**3 - 17*p**2 - 14*p - 66. Let h be a(18). Calculate the highest common divisor of h and c.
2
Suppose 26*v - 25373 - 9155 = 0. What is the highest common factor of 83 and v?
83
Let c(p) = 12*p + 11. Let r be c(-2). Let g(s) = -s**3 - 14*s**2 - 18*s + 7. Let u be g(r). Suppose 8*f - u = -f. What is the highest common factor of f and 72?
8
Suppose -b - 22 - 76 = -c, 2*b - 380 = -4*c. Let o be 9*-5*20/(-75). What is the greatest common factor of c and o?
12
Let v(n) = -5*n - 54. Suppose -7*g = -3*g + c - 251, 2*g - 118 = -2*c. Suppose -y + g = -5*y. Let f be v(y). What is the highest common factor of f and 104?
26
Suppose -5*w - 2*j = -j - 26, 4*w - 15 = 5*j. Suppose -3*o = 4*m - w*o - 504, 3*m - 378 = 4*o. What is the greatest common divisor of m and 315?
63
Suppose -1893 - 24253 = 34*m. Let c = m + 782. Let a = 19 + -6. Calculate the highest common divisor of a and c.
13
Let j be (-208)/(-72) + -1 + (-20)/(-18). Let r(v) = -67*v - 3. Let o be r(-3). Suppose -o + 18 = -j*q. What is the highest common factor of 6 and q?
6
Suppose 0 = -2*c - 5*k + 780, -c + 377 = -k - 20. Suppose -319 = 4*x - 951. What is the highest common factor of c and x?
79
Suppose 7273*y = 7265*y + 72. What is the greatest common factor of 4527 and y?
9
Suppose 2*a - 4*a = -92. Suppose j + 4*u = 212, -5*j - 170 + 1069 = -3*u. What is the highest common factor of j and a?
46
Suppose 3*q - 305 = -4*z, 0*z + 3*q + 213 = 3*z. Suppose -6*x + 92 - z = 0. Calculate the highest common divisor of 3 and x.
3
Suppose -7*z = -126 + 21. Let r(n) = -18*n + 314. Let g be r(z). Calculate the highest common divisor of 176 and g.
44
Suppose -202*s = -234*s - 186 + 730. Suppose -31 = -2*v - t, 0 = -v + t - 2*t + 14. Calculate the greatest common factor of s and v.
17
Suppose -407 + 8371 = 179*y + 267. What is the highest common factor of y and 2?
1
Let y be 2/(-11) - 160472/(-143). Calculate the greatest common factor of y and 1309.
187
Suppose -3*l + 979 = -5*b, 5*l - 4*l - 341 = -2*b. What is the greatest common divisor of 549 and l?
9
Suppose -4*t - b = -16, -4*t + 6*t - 8 = -5*b. Suppose -k = -t*k. Suppose 4*q = -u + 15, k*u - u - q + 9 = 0. What is the greatest common divisor of 77 and u?
7
Let w = 24109 - 9391. Calculate the greatest common divisor of w and 33.
33
Let a be -276 + 264 + 40/2. What is the highest common factor of a and 1?
1
Suppose 0 = -3*q - 9, -4*d - 4*q - 416 = -6884. Calculate the highest common divisor of d and 81.
81
Let g(r) = -r**3 + 122*r**2 - 130*r + 1757. Let y be g(117). What is the highest common divisor of y and 56?
56
Let a be 2/(-4)*(-8 - -8). Suppose a = -5*x, -y + 2*x + 63 = x. Calculate the highest common divisor of y and 18.
9
Suppose -47287 = -38*k + 151757. What is the greatest common factor of 388 and k?
194
Let r = 6586 + -6377. What is the greatest common divisor of r and 198?
11
Let v = 1385 + -1357. Let m be (-10)/2*-7*1. What is the greatest common divisor of m and v?
7
Let u(o) = -7 + 1 - o**2 + 14 + 9*o + 12. Suppose -3*g = -2*l - 38, -42 = -3*g + 2*l + l. Let m be u(g). What is the greatest common divisor of m and 25?
5
Let z(g) = -g**3 - 40*g**2 - 104*g - 711. Let h be z(-39). Calculate the greatest common divisor of h and 836.
76
Suppose -35*l = -37250 - 3875. What is the highest common factor of l and 3995?
235
Suppose 626*p = 643*p - 102. What is the highest common factor of 3594 and p?
6
Let k = 2047 - 1291. Let q = 257 + -215. Calculate the greatest common factor of q and k.
42
Let a(k) = -k**3 - 11*k**2 - 3*k + 13. Let m be a(-10). Let y be -14*(m/(-21) - 3). Suppose 24 - 204 = -y*t. What is the greatest common factor of t and 9?
9
Suppose -z + 4*y + 200 = 0, 97*z + 4*y - 184 = 96*z. Calculate the highest common divisor of 72 and z.
24
Suppose 2960 = 4*d + 2*i, 4*i - 1295 = -5*d + 2411. Let p be ((-2)/(-14) - d/21)/(-1). Calculate the highest common factor of p and 175.
35
Let y = -88 + 81. Let l be (-2)/(-8) - (y + 222/24). Let t be 1*(-25 + l)*1/(-3). What is the greatest common factor of 36 and t?
9
Suppose 0 = -15*q - 35313 + 410193. What is the greatest common divisor of 142 and q?
142
Suppose -57*t + 119*t - 60*t = 46332. What is the highest common divisor of 572 and t?
286
Let y = 281 + -191. Let v(h) = -2*h - 1. Let f be v(-2). Suppose 0 = 5*p - 25, 2*r - f*p + 1 = 6. Calculate the highest common factor of r and y.
10
Suppose 0 = a - v - 15 - 22, 4*v - 62 = -2*a. Let m = a - 25. Let u be 11*(2 - -13 - 5). What is the highest common divisor of u and m?
10
Let l = 6215 + -3663. What is the highest common factor of 58 and l?
58
Suppose 0 = -12*w + 17*w + 5. Let r(u) = 32*u**3 - 2*u + 1. Let s be r(1). Let f = w + s. What is the highest common divisor of 20 and f?
10
Let t(i) = i**2 - 8*i - 29. Let z be t(12). Suppose z*r = 697 - 336. What is the greatest common divisor of 19 and r?
19
Suppose 20*m - 262 = 21*m. Let z be -6 + m/(-2) - 4. Suppose 0 = -2*k + 3*k - 5, -3*g - 5*k + 58 = 0. Calculate the greatest common factor of g and z.
11
Let l(f) = -f**3 + 5*f**2 - 5*f + 4. Let u = 41 + -16. Suppose 12 = 29*x - u*x. Let c be l(x). Calculate the highest common divisor of c and 28.
7
Let j(c) = -3*c + 3. Let o be j(-3). Let b be ((-133)/28)/(363/(-120) + 3). Let m = b - 160. Calculate the highest common divisor of o and m.
6
Suppose 0 = -4*m + j + 3832, 53*m - 4840 = 48*m - 5*j. What is the highest common divisor of m and 768?
192
Suppose -2*m + 28 = 4*w, -4*w = 2*m + 2*m - 36. Suppose 770 = m*l + 7*l. Suppose -y = -5, -23 = -4*p - 5*y + 42. What is the highest common factor of p and l?
10
Let 